en 532 is divided by 275?
257
What is the remainder when 984 is divided by 258?
210
Calculate the remainder when 3522 is divided by 701.
17
What is the remainder when 8207 is divided by 1365?
17
What is the remainder when 18242 is divided by 15?
2
Calculate the remainder when 21445 is divided by 214.
45
Calculate the remainder when 5808 is divided by 967.
6
What is the remainder when 4536 is divided by 448?
56
What is the remainder when 3578 is divided by 595?
8
Calculate the remainder when 61959 is divided by 9.
3
What is the remainder when 83576 is divided by 5?
1
What is the remainder when 97239 is divided by 47?
43
Calculate the remainder when 36523 is divided by 46.
45
Calculate the remainder when 38591 is divided by 212.
7
Calculate the remainder when 164068 is divided by 15.
13
Calculate the remainder when 71 is divided by 12.
11
Calculate the remainder when 14392 is divided by 1308.
4
What is the remainder when 19495 is divided by 1301?
1281
Calculate the remainder when 499872 is divided by 49.
23
What is the remainder when 10831 is divided by 14?
9
What is the remainder when 2183 is divided by 34?
7
What is the remainder when 5219 is divided by 1027?
84
What is the remainder when 296790 is divided by 63?
60
What is the remainder when 961 is divided by 277?
130
Calculate the remainder when 14607 is divided by 4799.
210
What is the remainder when 60288 is divided by 63?
60
What is the remainder when 27156 is divided by 92?
16
Calculate the remainder when 54373 is divided by 14.
11
Calculate the remainder when 2187 is divided by 199.
197
Calculate the remainder when 594655 is divided by 198213.
16
Calculate the remainder when 3812 is divided by 637.
627
What is the remainder when 94565 is divided by 31?
15
Calculate the remainder when 3074 is divided by 1.
0
Calculate the remainder when 1573 is divided by 610.
353
What is the remainder when 293874 is divided by 44?
42
Calculate the remainder when 28702 is divided by 1359.
163
Calculate the remainder when 5963 is divided by 5960.
3
What is the remainder when 10886 is divided by 642?
614
Calculate the remainder when 16528 is divided by 233.
218
Calculate the remainder when 137843 is divided by 3063.
8
What is the remainder when 61950 is divided by 59?
0
What is the remainder when 11715 is divided by 49?
4
Calculate the remainder when 11634 is divided by 1093.
704
Calculate the remainder when 11212 is divided by 2790.
52
What is the remainder when 34363 is divided by 358?
353
What is the remainder when 101906 is divided by 29?
0
Calculate the remainder when 76679 is divided by 74.
15
Calculate the remainder when 62592 is divided by 13.
10
Calculate the remainder when 70999 is divided by 20.
19
Calculate the remainder when 245638 is divided by 24.
22
What is the remainder when 16831 is divided by 427?
178
Calculate the remainder when 25056 is divided by 22.
20
Calculate the remainder when 44798 is divided by 50.
48
What is the remainder when 84072 is divided by 475?
472
What is the remainder when 40386 is divided by 73?
17
Calculate the remainder when 105511 is divided by 818.
807
What is the remainder when 8183 is divided by 575?
133
Calculate the remainder when 47684 is divided by 33.
32
Calculate the remainder when 147052 is divided by 89.
24
Calculate the remainder when 49563 is divided by 28.
3
What is the remainder when 28128 is divided by 28126?
2
Calculate the remainder when 4836 is divided by 1528.
252
Calculate the remainder when 2062 is divided by 1253.
809
Calculate the remainder when 147739 is divided by 292.
279
Calculate the remainder when 3495 is divided by 47.
17
What is the remainder when 644543 is divided by 322268?
7
What is the remainder when 1918768 is divided by 26?
20
Calculate the remainder when 776 is divided by 282.
212
Calculate the remainder when 7600 is divided by 421.
22
Calculate the remainder when 2394 is divided by 47.
44
What is the remainder when 10021 is divided by 1467?
1219
What is the remainder when 155410 is divided by 18?
16
Calculate the remainder when 371516 is divided by 185755.
6
What is the remainder when 16063 is divided by 85?
83
What is the remainder when 21118 is divided by 320?
318
What is the remainder when 7476 is divided by 107?
93
Calculate the remainder when 2367 is divided by 116.
47
What is the remainder when 983 is divided by 135?
38
Calculate the remainder when 23247 is divided by 375.
372
What is the remainder when 3586 is divided by 255?
16
Calculate the remainder when 249478 is divided by 220.
218
What is the remainder when 58504 is divided by 19498?
10
What is the remainder when 898 is divided by 26?
14
What is the remainder when 1426 is divided by 1421?
5
Calculate the remainder when 419750 is divided by 15.
5
What is the remainder when 44164 is divided by 70?
64
Calculate the remainder when 554047 is divided by 64.
63
Calculate the remainder when 1237 is divided by 372.
121
Calculate the remainder when 169271 is divided by 169203.
68
Calculate the remainder when 2127 is divided by 709.
0
Calculate the remainder when 14790 is divided by 2463.
12
What is the remainder when 18966 is divided by 3497?
1481
What is the remainder when 25170 is divided by 8352?
114
What is the remainder when 2268 is divided by 344?
204
What is the remainder when 379 is divided by 62?
7
What is the remainder when 1982 is divided by 109?
20
What is the remainder when 14668 is divided by 14628?
40
What is the remainder when 1526788 is divided by 30?
28
What is the remainder when 20897 is divided by 674?
3
What is the remainder when 480793 is divided by 1687?
1685
Calculate the remainder when 20067 is divided by 425.
92
What is the remainder when 94841 is divided by 9484?
1
What is the remainder when 18014 is divided by 78?
74
What is the remainder when 21845 is divided by 230?
225
What is the remainder when 5681 is divided by 211?
195
Calculate the remainder when 2060 is divided by 67.
50
Calculate the remainder when 574 is divided by 37.
19
Calculate the remainder when 10052 is divided by 102.
56
What is the remainder when 12335 is divided by 385?
15
Calculate the remainder when 202947 is divided by 367.
363
What is the remainder when 1630 is divided by 765?
100
Calculate the remainder when 176187 is divided by 50.
37
What is the remainder when 1932 is divided by 910?
112
Calculate the remainder when 20918 is divided by 15.
8
Calculate the remainder when 3299 is divided by 541.
53
Calculate the remainder when 14151 is divided by 116.
115
Calculate the remainder when 70201 is divided by 3507.
61
What is the remainder when 8173 is divided by 210?
193
Calculate the remainder when 4752 is divided by 2355.
42
Calculate the remainder when 217153 is divided by 469.
6
What is the remainder when 3553 is divided by 1159?
76
What is the remainder when 200957 is divided by 50239?
1
What is the remainder when 59716 is divided by 25?
16
Calculate the remainder when 2851 is divided by 41.
22
Calculate the remainder when 554 is divided by 55.
4
What is the remainder when 232708 is divided by 4?
0
Calculate the remainder when 7996 is divided by 86.
84
Calculate the remainder when 23112 is divided by 749.
642
What is the remainder when 806 is divided by 117?
104
What is the remainder when 54312 is divided by 18102?
6
What is the remainder when 18985 is divided by 17?
13
What is the remainder when 182444 is divided by 91221?
2
What is the remainder when 23821 is divided by 467?
4
What is the remainder when 2662 is divided by 811?
229
Calculate the remainder when 87587 is divided by 95.
92
What is the remainder when 7933 is divided by 117?
94
What is the remainder when 12204 is divided by 310?
114
Calculate the remainder when 4375 is divided by 50.
25
Calculate the remainder when 78659 is divided by 277.
268
What is the remainder when 31202 is divided by 3118?
22
Calculate the remainder when 3391 is divided by 839.
35
What is the remainder when 8487 is divided by 369?
0
What is the remainder when 170740 is divided by 749?
717
Calculate the remainder when 38888 is divided by 84.
80
What is the remainder when 156560 is divided by 3403?
22
Calculate the remainder when 591719 is divided by 147928.
7
What is the remainder when 20081 is divided by 133?
131
Calculate the re